tors of 18923755.
5, 41, 92311
List the prime factors of 2826986.
2, 509, 2777
List the prime factors of 20571398.
2, 71, 317, 457
What are the prime factors of 542594?
2, 13, 41, 509
List the prime factors of 6039719.
7, 367, 2351
What are the prime factors of 1520723?
1520723
What are the prime factors of 7354877?
7354877
List the prime factors of 1431401.
79, 18119
List the prime factors of 336134.
2, 168067
List the prime factors of 204695.
5, 40939
What are the prime factors of 28344150?
2, 3, 5, 62987
List the prime factors of 2278593.
3, 31, 8167
List the prime factors of 306780.
2, 3, 5, 5113
List the prime factors of 248105.
5, 11, 13, 347
What are the prime factors of 10077988?
2, 2519497
List the prime factors of 235231.
235231
List the prime factors of 89746.
2, 23, 1951
What are the prime factors of 5467120?
2, 5, 37, 1847
List the prime factors of 8720019.
3, 7, 11, 12583
List the prime factors of 9940312.
2, 47, 26437
What are the prime factors of 3675861?
3, 7, 2161
What are the prime factors of 228514?
2, 11, 13, 17, 47
What are the prime factors of 51112?
2, 6389
What are the prime factors of 3318595?
5, 7, 53, 1789
List the prime factors of 1883812.
2, 7, 19, 3541
What are the prime factors of 5501781?
3, 509, 1201
List the prime factors of 371581.
7, 109, 487
List the prime factors of 26717946.
2, 3, 113, 157, 251
List the prime factors of 142761.
3, 23, 2069
List the prime factors of 1062130.
2, 5, 106213
What are the prime factors of 2200654?
2, 43, 25589
List the prime factors of 421994.
2, 257, 821
What are the prime factors of 8759?
19, 461
List the prime factors of 1079287.
11, 59, 1663
List the prime factors of 586364.
2, 17, 8623
What are the prime factors of 435328?
2, 19, 179
What are the prime factors of 99153?
3, 23, 479
List the prime factors of 1254577.
1254577
List the prime factors of 7939570.
2, 5, 793957
What are the prime factors of 434816?
2, 43, 79
What are the prime factors of 4651427?
11, 422857
What are the prime factors of 19018?
2, 37, 257
What are the prime factors of 3452278?
2, 1726139
List the prime factors of 2070391.
23, 90017
What are the prime factors of 1841177?
13, 141629
What are the prime factors of 10157706?
2, 3, 13, 83, 523
What are the prime factors of 17936726?
2, 8968363
What are the prime factors of 76513?
19, 4027
List the prime factors of 691512.
2, 3, 28813
List the prime factors of 778458.
2, 3, 23, 5641
List the prime factors of 693483.
3, 7, 33023
What are the prime factors of 7459843?
23, 324341
List the prime factors of 8799181.
1321, 6661
List the prime factors of 919520.
2, 5, 7, 821
List the prime factors of 8360614.
2, 541, 7727
List the prime factors of 9098267.
499, 18233
What are the prime factors of 512917?
512917
What are the prime factors of 107913?
3, 13, 2767
What are the prime factors of 27202811?
27202811
What are the prime factors of 12904384?
2, 163, 1237
List the prime factors of 3266459.
7, 466637
What are the prime factors of 10452935?
5, 263, 7949
What are the prime factors of 1071029?
1021, 1049
What are the prime factors of 818150?
2, 5, 16363
What are the prime factors of 362683?
97, 3739
List the prime factors of 15605539.
919, 16981
What are the prime factors of 25506229?
7, 3643747
What are the prime factors of 4462867?
4462867
List the prime factors of 359619.
3, 13, 9221
List the prime factors of 12083942.
2, 13, 464767
What are the prime factors of 12755699?
11, 271, 389
List the prime factors of 761197.
19, 40063
What are the prime factors of 86953?
89, 977
What are the prime factors of 11409363?
3, 7, 17, 53, 67
What are the prime factors of 8027309?
8027309
List the prime factors of 192854.
2, 211, 457
What are the prime factors of 459557?
7, 65651
What are the prime factors of 749669?
257, 2917
What are the prime factors of 6552482?
2, 3276241
List the prime factors of 318533.
37, 8609
List the prime factors of 809884.
2, 202471
List the prime factors of 736134.
2, 3, 7, 17, 1031
List the prime factors of 159277.
19, 83, 101
List the prime factors of 740893.
740893
What are the prime factors of 16370?
2, 5, 1637
List the prime factors of 18388828.
2, 31, 41, 3617
List the prime factors of 1597460.
2, 5, 79873
List the prime factors of 757321.
19, 23, 1733
List the prime factors of 518559.
3, 172853
What are the prime factors of 1029152?
2, 29, 1109
What are the prime factors of 2097383?
2097383
List the prime factors of 8827555.
5, 11, 14591
List the prime factors of 5256.
2, 3, 73
What are the prime factors of 4605114?
2, 3, 743, 1033
List the prime factors of 956689.
956689
List the prime factors of 230323.
139, 1657
List the prime factors of 1545654.
2, 3, 11, 2129
What are the prime factors of 17031455?
5, 7, 463, 1051
List the prime factors of 136937.
37, 3701
List the prime factors of 4783208.
2, 597901
What are the prime factors of 973846?
2, 486923
What are the prime factors of 1678647?
3, 559549
What are the prime factors of 1973907?
3, 13, 16871
What are the prime factors of 213460?
2, 5, 13, 821
What are the prime factors of 141185?
5, 11, 17, 151
List the prime factors of 286415.
5, 57283
What are the prime factors of 11658551?
29, 193, 2083
What are the prime factors of 287414?
2, 131, 1097
What are the prime factors of 2702037?
3, 13, 79, 877
What are the prime factors of 21197515?
5, 433, 9791
What are the prime factors of 2058159?
3, 29, 41, 577
List the prime factors of 192704.
2, 3011
What are the prime factors of 1505115?
3, 5, 11149
What are the prime factors of 25586334?
2, 3, 659, 719
What are the prime factors of 2789815?
5, 7, 59, 193
What are the prime factors of 499714?
2, 249857
What are the prime factors of 2748196?
2, 11, 62459
What are the prime factors of 286120?
2, 5, 23, 311
What are the prime factors of 2099711?
2099711
What are the prime factors of 12183797?
12183797
What are the prime factors of 1362812?
2, 11, 47, 659
List the prime factors of 5641709.
5641709
List the prime factors of 5037005.
5, 1007401
What are the prime factors of 143164?
2, 7, 5113
List the prime factors of 3082710.
2, 3, 5, 211, 487
List the prime factors of 2693356.
2, 673339
What are the prime factors of 154550?
2, 5, 11, 281
What are the prime factors of 43180?
2, 5, 17, 127
What are the prime factors of 20323543?
151, 134593
What are the prime factors of 6505825?
5, 433, 601
List the prime factors of 266305.
5, 13, 17, 241
What are the prime factors of 14247625?
5, 7, 19, 857
List the prime factors of 637313.
17, 37489
What are the prime factors of 1150610?
2, 5, 115061
What are the prime factors of 1147977?
3, 229, 557
List the prime factors of 7886056.
2, 23, 42859
What are the prime factors of 375350?
2, 5, 7507
What are the prime factors of 525214?
2, 313, 839
List the prime factors of 2070105.
3, 5, 138007
List the prime factors of 134646.
2, 3, 22441
List the prime factors of 58822.
2, 29411
What are the prime factors of 4895015?
5, 73, 13411
List the prime factors of 21630070.
2, 5, 7, 11, 4013
List the prime factors of 8338364.
2, 17, 47, 2609
List the prime factors of 9822887.
9822887
What are the prime factors of 16397063?
16397063
List the prime factors of 287704.
2, 35963
What are the prime factors of 297747?
3, 33083
What are the prime factors of 212719?
13, 16363
What are the prime factors of 574339?
743, 773
List the prime factors of 1701128.
2, 11, 13, 1487
What are the prime factors of 11144776?
2, 1393097
What are the prime factors of 487034?
2, 243517
List the prime factors of 11632050.
2, 3, 5, 25849
List the prime factors of 100124.
2, 25031
What are the prime factors of 651050?
2, 5, 29, 449
List the prime factors of 2153812.
2, 23, 41, 571
What are the prime factors of 6382783?
11, 83, 6991
What are the prime factors of 2834524?
2, 7, 11, 9203
What are the prime factors of 5563100?
2, 5, 55631
List the prime factors of 15646198.
2, 7823099
What are the prime factors of 519653?
31, 16763
What are the prime factors of 87669?
3, 17, 191
List the prime factors of 18851302.
2, 271, 34781
What are the prime factors of 123315?
3, 5, 8221
List the prime factors of 84497.
7, 12071
List the prime factors of 1593834.
2, 3, 11, 19, 31, 41
List the prime factors of 4401865.
5, 13, 241, 281
List the prime factors